 22995.
315
What is the greatest common divisor of 483 and 42?
21
What is the highest common factor of 4202 and 11?
11
Calculate the greatest common divisor of 3 and 1629.
3
What is the highest common factor of 72 and 2496?
24
Calculate the greatest common factor of 7 and 623.
7
What is the greatest common divisor of 49 and 20629?
49
Calculate the highest common factor of 6307 and 238.
119
Calculate the greatest common factor of 360 and 105.
15
Calculate the greatest common divisor of 42 and 22449.
21
Calculate the highest common factor of 248 and 217.
31
What is the highest common divisor of 125 and 875?
125
Calculate the highest common divisor of 291 and 194.
97
What is the greatest common divisor of 21659 and 242?
121
What is the greatest common factor of 8 and 40?
8
Calculate the greatest common factor of 1 and 2267.
1
Calculate the greatest common factor of 79 and 27018.
79
Calculate the highest common factor of 286 and 26.
26
What is the highest common divisor of 4334 and 572?
22
Calculate the highest common factor of 8192 and 16.
16
What is the highest common factor of 804 and 384?
12
Calculate the greatest common divisor of 6 and 19.
1
What is the highest common factor of 189 and 798?
21
Calculate the highest common divisor of 10068 and 12.
12
Calculate the greatest common divisor of 14 and 161.
7
Calculate the highest common divisor of 109 and 8829.
109
What is the highest common factor of 54 and 9018?
54
Calculate the highest common divisor of 196 and 700.
28
What is the greatest common divisor of 6 and 114?
6
What is the greatest common divisor of 90 and 10?
10
Calculate the highest common factor of 3 and 489.
3
Calculate the greatest common divisor of 896 and 14.
14
Calculate the highest common divisor of 938 and 14.
14
Calculate the greatest common factor of 36 and 414.
18
What is the greatest common divisor of 2373 and 21?
21
Calculate the greatest common factor of 11 and 737.
11
What is the highest common divisor of 80 and 5840?
80
What is the greatest common divisor of 1170 and 104?
26
What is the greatest common factor of 5206 and 685?
137
What is the highest common factor of 3955 and 35?
35
What is the highest common factor of 348 and 26274?
174
What is the highest common divisor of 10016 and 32?
32
What is the highest common factor of 55 and 115?
5
Calculate the highest common factor of 14 and 896.
14
Calculate the highest common divisor of 6760 and 760.
40
What is the highest common divisor of 961 and 93?
31
What is the highest common factor of 10 and 1110?
10
Calculate the greatest common divisor of 18 and 261.
9
What is the highest common factor of 47 and 517?
47
Calculate the greatest common factor of 7460 and 60.
20
What is the greatest common divisor of 703 and 38?
19
Calculate the greatest common divisor of 54 and 10.
2
What is the greatest common factor of 1395 and 135?
45
What is the greatest common divisor of 210 and 882?
42
What is the highest common factor of 9 and 414?
9
What is the greatest common divisor of 150 and 650?
50
Calculate the highest common divisor of 69 and 184.
23
Calculate the highest common factor of 21 and 1701.
21
Calculate the greatest common divisor of 7566 and 78.
78
Calculate the highest common factor of 1040 and 286.
26
Calculate the highest common factor of 33 and 18.
3
Calculate the highest common factor of 348 and 103008.
348
What is the greatest common divisor of 63 and 70?
7
What is the greatest common divisor of 183 and 5795?
61
Calculate the highest common factor of 11084 and 68.
68
What is the highest common divisor of 176 and 20108?
44
What is the highest common factor of 72 and 18?
18
Calculate the highest common factor of 125 and 30.
5
Calculate the greatest common factor of 72 and 12168.
72
Calculate the highest common divisor of 637 and 26.
13
What is the highest common factor of 1580 and 237?
79
What is the highest common divisor of 8160 and 320?
160
What is the highest common divisor of 71 and 25489?
71
Calculate the highest common factor of 18 and 6246.
18
What is the highest common divisor of 5129 and 23?
23
What is the greatest common factor of 15525 and 45?
45
Calculate the highest common divisor of 5516 and 42.
14
What is the highest common divisor of 34 and 8143?
17
Calculate the greatest common divisor of 16 and 104.
8
What is the greatest common divisor of 1865 and 5?
5
Calculate the greatest common factor of 522 and 2262.
174
Calculate the highest common factor of 16 and 176.
16
What is the highest common divisor of 527 and 155?
31
Calculate the greatest common divisor of 70 and 27230.
70
What is the greatest common divisor of 4 and 290?
2
What is the highest common factor of 24 and 90?
6
What is the greatest common divisor of 48 and 3144?
24
What is the greatest common divisor of 219 and 21?
3
What is the greatest common divisor of 68 and 12?
4
What is the highest common divisor of 366 and 122?
122
What is the highest common divisor of 729 and 2970?
27
Calculate the highest common factor of 12 and 159.
3
What is the highest common divisor of 9 and 45?
9
Calculate the highest common divisor of 24 and 1104.
24
What is the highest common divisor of 830 and 10?
10
Calculate the greatest common factor of 78 and 2874.
6
Calculate the highest common factor of 11354 and 56.
14
What is the greatest common divisor of 627 and 38?
19
Calculate the highest common divisor of 198 and 7821.
99
What is the highest common divisor of 162085 and 385?
385
What is the greatest common divisor of 10 and 80?
10
What is the greatest common factor of 7093 and 41?
41
What is the greatest common factor of 1501 and 874?
19
What is the greatest common factor of 39 and 624?
39
What is the highest common divisor of 253 and 736?
23
Calculate the highest common divisor of 5814 and 1836.
306
What is the greatest common divisor of 333 and 324?
9
Calculate the highest common factor of 297 and 18.
9
What is the highest common factor of 40 and 140?
20
Calculate the highest common factor of 6740 and 20.
20
What is the highest common divisor of 854 and 14?
14
Calculate the highest common divisor of 194 and 11252.
194
Calculate the highest common divisor of 265 and 15.
5
What is the highest common factor of 42 and 1358?
14
Calculate the highest common divisor of 995 and 2587.
199
What is the highest common divisor of 55 and 55?
55
Calculate the greatest common factor of 42 and 7826.
14
Calculate the highest common factor of 536 and 2278.
134
What is the highest common factor of 126 and 144?
18
What is the greatest common factor of 10 and 118?
2
Calculate the highest common factor of 51 and 2142.
51
What is the highest common factor of 4 and 8?
4
Calculate the greatest common factor of 303 and 1313.
101
What is the highest common factor of 14 and 994?
14
Calculate the highest common divisor of 4720 and 80.
80
What is the highest common factor of 35 and 10?
5
Calculate the greatest common divisor of 4880 and 5.
5
Calculate the highest common divisor of 80 and 1080.
40
Calculate the greatest common divisor of 7496 and 8.
8
What is the highest common divisor of 49 and 441?
49
Calculate the greatest common factor of 76 and 32.
4
Calculate the greatest common factor of 890 and 40.
10
What is the greatest common divisor of 189 and 13923?
63
Calculate the highest common factor of 110 and 935.
55
What is the highest common divisor of 39 and 8593?
13
Calculate the highest common factor of 5 and 5.
5
What is the greatest common divisor of 1984 and 96?
32
Calculate the highest common divisor of 468 and 36.
36
Calculate the highest common factor of 1920 and 15.
15
What is the highest common factor of 110 and 275?
55
Calculate the greatest common factor of 9415 and 280.
35
Calculate the greatest common divisor of 26 and 754.
26
Calculate the highest common divisor of 35 and 10.
5
Calculate the highest common divisor of 50 and 28550.
50
Calculate the greatest common factor of 23540 and 220.
220
What is the highest common factor of 20 and 430?
10
Calculate the greatest common factor of 56 and 26894.
14
What is the highest common divisor of 18 and 48?
6
Calculate the greatest common divisor of 8531 and 38.
19
Calculate the greatest common factor of 520 and 325.
65
What is the greatest common factor of 1352 and 4?
4
Ca